w(m). Let h(i) = -83*i - 10. Let l(u) = -14*d(u) - 4*h(u). What is the tens digit of l(-1)?
5
Let j be 106/3*(-30)/(-20). Let t = j + -50. Suppose 0 = t*q + q - 636. What is the units digit of q?
9
What is the units digit of 11 + (-290556)/(-12) - -18?
2
Let s be -1*(1047 - (-5)/5). Let j be s/5*2*15/(-12). Suppose q - j = -4*t - q, -5*q = -2*t + 238. What is the hundreds digit of t?
1
Let w = -14034 + 28449. What is the units digit of w?
5
Let a be (-7)/(-6) - 5/30. Let d(p) = 51*p**2 - 1. Let n be d(a). Suppose 2*m - 14 = n. What is the units digit of m?
2
Let r = 89 + -90. Let f(i) = 312*i**2 - 2*i - 1. Let h be f(r). Suppose -h = -4*g + 71. What is the tens digit of g?
9
Let b(l) = 2*l - 2 + 3313*l**2 - 2748*l**2 + 0*l. What is the hundreds digit of b(1)?
5
Suppose -2765 = -11*t - 829. Suppose 181*i = t*i + 1920. What is the tens digit of i?
8
Let n = 244 + -941. Let b = 1074 + n. What is the tens digit of b?
7
Let s(m) = m**3 - 14*m**2 - 15*m + 6. Let x be s(15). Let z(h) = 30*h - 3*h + 9 - x. What is the tens digit of z(2)?
5
Let q be (5 - 7)/((-2)/(-35)). Let t = q - -35. Suppose -x - 4*a + 103 = t, 5*a - 20 = 5. What is the units digit of x?
3
Let g be ((-127495)/(-8) - 2) + 5/40. What is the tens digit of (-2)/13 + g/65?
4
Let v = 2827 - 2017. What is the hundreds digit of v?
8
Suppose 0 = 4*y - 8, 3*y + 35 + 82 = 3*o. Suppose -32*i + o*i - 3546 = 0. What is the units digit of i?
4
What is the units digit of (-610)/(-61) + 7/((-28)/(-155536))?
4
Let u(m) = -m**2 - 9*m - 10. Let d be u(-7). Suppose d*w - 2*a - 238 = 0, -7*a - 295 = -5*w - 2*a. Suppose -4*n + 156 = -w. What is the tens digit of n?
5
Suppose -4*r = y - 6216, r = y + 1190 + 364. Suppose -c + r = 5*c. Suppose -9*j + 2*j = -c. What is the tens digit of j?
3
Let v = -470 + 474. Suppose -2*d - 3*b = -3758, v*d - 3*b - 11473 = -3921. What is the hundreds digit of d?
8
Let w = -80 + -29. Let o be (6/4)/(4/(-992)*-12). Let j = o - w. What is the hundreds digit of j?
1
What is the tens digit of 4/(-11) - (-5515795)/209?
9
Suppose 0 = -7*f + f + 402. Suppose 0 = 5*a - 13 - f. Suppose -a = -5*t + 374. What is the tens digit of t?
7
Let k(d) = 22*d**2 - 72*d - 7. What is the hundreds digit of k(-9)?
4
Let q = 1740 + -852. Let a = -400 + q. What is the units digit of a?
8
Suppose p - 5 + 7 = 0. Let x be 804/12 + -4 + (p - -4). Suppose -5*u + 355 = -x. What is the tens digit of u?
8
What is the tens digit of (822/8)/(22/9768)?
2
Suppose 0 = 5*s - 4*o + 171, -s + 5*o - 9*o = 39. Let y = -164 + 289. Let k = s + y. What is the tens digit of k?
9
Let h be (-18)/3*(-78)/4. Suppose -23 = -5*c + h. Suppose 0 = 5*t - 563 + c. What is the hundreds digit of t?
1
Let s be (36 + -35)/((-1)/9). Let k(j) = -92*j - 71. What is the units digit of k(s)?
7
Let f(y) = -2*y**3 - 3*y**2 + 4*y + 1. Let n be f(-3). Let l = n - 10. Let h(p) = -p**2 + 10*p - 8. What is the tens digit of h(l)?
1
Let o(u) = -u + 43. Let c(f) = -5*f - 23. Let a be c(-6). Suppose x + 2*h - a = 0, -x + h + 7 = -0. What is the units digit of o(x)?
6
Suppose -5*q + 4*g = g - 154725, 123793 = 4*q - 5*g. What is the hundreds digit of q?
9
Let j(s) = 363*s + 1702. What is the hundreds digit of j(22)?
6
Let n(b) be the first derivative of -115*b**2/2 - 13*b - 11. Let w be n(-3). What is the units digit of w/12 - (-12)/9?
9
Let n = -2165 - -1384. Let l = -501 - n. What is the tens digit of l?
8
Suppose -1122099 + 5172286 = 185*x - 2493633. What is the tens digit of x?
7
Let w(n) be the second derivative of 0 - 23*n - 25/2*n**3 + 4*n**2. What is the tens digit of w(-3)?
3
Let n(f) = -3*f**2 + 33*f - 16. Let a be n(11). Let h = -15 - a. What is the units digit of 633*((-5)/(-15))/h?
1
Suppose 12*s = 19*s - 0*s. Suppose -j + 876 = 3*u - 410, j + u - 1294 = s. What is the hundreds digit of j?
2
Suppose -2*y - 51*c - 71 = -54*c, 4*y - 3*c = -151. What is the hundreds digit of (y/16)/((-2)/596) + -5?
7
Suppose 0 = -5*p - 5*t + 95560, -p + 3*t + 14363 + 4753 = 0. What is the ten thousands digit of p?
1
Let s(k) = 4*k**2 + 14*k + 27. Suppose -51*t + 46*t - 60 = 0. What is the units digit of s(t)?
5
Suppose 5*m + u - 74721 = 0, 9*m - 14940 = 8*m + 4*u. What is the ten thousands digit of m?
1
What is the hundreds digit of (-23)/((-46)/116)*209/2?
0
Let g = 39977 + -23112. What is the thousands digit of g?
6
Let g(c) = -3*c**3 + 4*c**2 - 4*c - 5. Let m be g(4). What is the units digit of -2 - (-5 + 2) - m?
0
Suppose 0 = 18*i - 2*i + i - 35122. What is the hundreds digit of i?
0
Let r be (-68)/(-18) + (-68)/18 + 4. Suppose -28 + 32 = r*h. What is the tens digit of (1 + (-8)/(-4))*8*h?
2
Let k = 5368 - 4337. What is the units digit of k?
1
Let p = 46 + -28. Let a(n) = -n**3 + 18*n**2 + 16*n + 12. What is the tens digit of a(p)?
0
Suppose -a - 2*v - 13 = 0, a + v + 5 = -3*v. Let i = a - -23. What is the units digit of (-5 - -4) + 182/i?
0
Suppose -4*a - 546 - 17 = 3*z, 158 = -a + 5*z. What is the units digit of (-2)/15*-12*(12 - a)?
8
Suppose -38*f - 4*s = -36*f - 63336, -2*f + s + 63306 = 0. What is the units digit of f?
6
Let m(l) = -2*l**3 + 107*l**2 - 388*l - 31. What is the tens digit of m(22)?
2
Let t = -44 - -49. Suppose -4*o + t*s + 31 = 0, 5*o - s - 14 = 30. Suppose -12*q = -o*q - 54. What is the tens digit of q?
1
Let a = 8 + 24. Let n(y) = 3*y**3 - y**2 - 2*y + 2. Let o be n(2). Let r = a + o. What is the tens digit of r?
5
Suppose 108*u = 2*g + 114*u - 47510, 4*u - 47512 = -2*g. What is the hundreds digit of g?
7
Let h be 86 + 1 - (0 + -3 + 1). Let j = -107 - h. Let d = -126 - j. What is the units digit of d?
0
Let k(z) = -2856*z - 6*z**2 + 24*z**3 + 14*z**2 + 2845*z + 5. What is the tens digit of k(2)?
0
Suppose 15 + 3 = 6*x. Suppose -x*k = -3*o - 2208, 5*k - 2962 = k - 2*o. What is the tens digit of k?
3
Let g(b) = 232*b**3 + 5*b**2 - 26*b + 157. What is the thousands digit of g(5)?
9
Let y(c) = 2081*c + 5. Let g be y(2). Suppose 0 = 7*n - g - 446. What is the tens digit of n?
5
Let t = -224 + 29. What is the units digit of 2*t/(-4)*4/5?
8
Let g = 1256 - -1480. Suppose -c + g = 11*c. Suppose -a - 700 + c = -4*o, 3*o + 2*a - 365 = 0. What is the tens digit of o?
1
Let q(f) = 576*f + 1. Let o be q(1). Suppose 53 - o = -2*r. What is the hundreds digit of r?
2
Suppose z = 4*h - 282, 5*z + 2*h - 662 = -2028. Let q = 962 - z. What is the tens digit of q?
3
Let m(c) = 133*c**2 + 71*c**2 - 4*c - 2 - 24*c**2 + 10*c. What is the hundreds digit of m(-2)?
7
Let u be (-570)/(9/(-45)*(-4)/(-2)). Let x = -859 + u. What is the units digit of x?
6
Suppose 4*n - 2*l = -n - 7944, -3*n - 4758 = 3*l. Let u = -2378 - n. What is the hundreds digit of (-1)/(-4 + (-3155)/u)?
1
Suppose 12*p = 14*p - 12. Let u = p + 52. Suppose -o - u = -195. What is the units digit of o?
7
Let f(k) = 263*k**2 - 40*k + 60. What is the thousands digit of f(-3)?
2
Suppose -2*b = 68*p - 64*p - 6, -b + 1 = p. Suppose 3*l = -5*i + 4948, p*i - 3282 = -5*l - 1318. What is the units digit of i?
2
Let r = -5515 - -5597. Let m(b) = 2*b**3 - 9*b**2 + 7*b - 9. Let v be m(6). Let h = v - r. What is the tens digit of h?
5
Suppose 115*v - 106184 = -115*v + 217*v. What is the hundreds digit of v?
1
Let x(i) = -i**2 - 15*i - 4. Let v be x(-15). Let h be v/(-22) - 3529/(-11). Let d = h - 222. What is the tens digit of d?
9
Let r(b) = -25*b + 21. Let x(k) be the third derivative of -k**4 + 10*k**3/3 + 28*k**2. Let y(i) = 7*r(i) - 6*x(i). What is the units digit of y(-8)?
5
Suppose 2*f + 7 = -4*a - 3*f, 0 = 3*f + 9. Let m(t) = 4*t**3 + 0*t**3 - 9 - t**3 - 7*t**a + t. What is the units digit of m(4)?
5
Let v(b) = -2910*b - 633. What is the units digit of v(-3)?
7
Let b = 11415 + 2878. What is the ten thousands digit of b?
1
Suppose 18*l - 9*l - 18 = 0. Suppose -l*r + 7*m = 3*m - 178, 356 = 4*r - 5*m. What is the units digit of r?
9
Suppose -24*w + 592934 = 34*w. What is the hundreds digit of w?
2
Let b = 2017 - 1417. Suppose 5*o + 1679 - b = 4*x, -5*o = 3*x - 818. What is the hundreds digit of x?
2
Let o be 0 + 2/4 - (-2629)/22. Suppose 4*v = 612 - o. Let p = v - -15. What is the hundreds digit of p?
1
Let l be (0/(-2 - -1))/1. Suppose 3*p + 311 + 139 = l. Let x = 214 + p. What is the units digit of x?
4
Let o be ((-39)/(-26))/(1078/1072 - 1). Let j = o + -10. What is the tens digit of j?
5
Suppo